 c*l + 6 = 3*g, -4*l + 4*g - 1 = 3. What is the units digit of l?
3
Let k(q) = -66*q - 17. What is the tens digit of k(-3)?
8
What is the thousands digit of ((-5434)/(-76))/((-1)/(-22))?
1
Suppose 3*a - 99 = 4*j, -3*j - 21 = 4*a - 128. Suppose 0 = h + 7 - 1. What is the units digit of a/4 - h/(-24)?
7
Let z = 955 + 1316. What is the tens digit of z?
7
Let a(u) = -u**3 - 11*u**2 + 4. Let k be a(-11). Suppose 585 = 3*q + 3*r, k*q + 2*r = -q + 984. What is the hundreds digit of q?
1
Let f(j) = j**3 + 13*j**2 + 5. Let r be f(-13). Suppose -2*c + c + 3*i + 120 = 0, 3*c + r*i = 388. What is the tens digit of c?
2
Let b be 30/(-25)*(-5)/2. Let x be 24/10 - 4/10. Suppose 0 = -4*m - x*y + 44, -2*m + b*y - y + 22 = 0. What is the tens digit of m?
1
Let h(u) = 2*u + 6. Let b be h(-4). Let f be (-201)/(-3)*(-1 - b). Suppose f = 5*n - 43. What is the tens digit of n?
2
Suppose 99295 + 31349 = 38*w. What is the units digit of w?
8
Suppose -4*c - 12 = 0, -2*v + 2*c = 7 - 37. Suppose -18 = -2*s - 2*u, v = -3*u - u. What is the units digit of s?
2
Let t = 308 - 164. Suppose -382 = -3*j + 5*w + t, -4*j + w + 690 = 0. What is the tens digit of j?
7
Let q = -639 - -1079. What is the tens digit of q?
4
Suppose 5*l - 170 = 5*t, -3*l + 2*t + 28 = -79. What is the units digit of l?
9
Let y(c) = 13*c - 1. Let t be y(6). Let o = t - 13. What is the tens digit of o?
6
Suppose -5*c - 109 = -n, -3*c - 48 = 4*n - 1. Let g(o) = o**2 + 6*o + 3. Let v be g(-5). What is the units digit of (c/(-2))/(-3)*v?
7
Suppose 3*n - 6*n + 18 = 0. Suppose -3*f - n = -6*f. Suppose -f*k + g = 3*k - 59, -3*k - 2*g + 38 = 0. What is the units digit of k?
2
Suppose -5*r - 21 = z, -5*r - 2 = 3*z + 11. Suppose 0*t + z*j = -t + 59, 291 = 4*t + 5*j. What is the units digit of t?
9
Let d(g) = -g**3 - 10*g**2 + 4*g - 6. Let x(p) = -4*p**3 - 31*p**2 + 11*p - 19. Let a(c) = -7*d(c) + 2*x(c). What is the units digit of a(6)?
0
Let g be (16 + -1)*4/(-10). Let l = g - -19. Suppose 5*o = -n + l, 2*n + 7 = 3*o + 59. What is the tens digit of n?
2
Let g(h) = 51*h + 19. What is the units digit of g(3)?
2
Let o = 3 - 0. Suppose -14 = -5*x + o*s + 5, -2*s = -2*x + 10. Let w = 4 - x. What is the units digit of w?
2
Let p be (-1 - -7)*(22 + -54). Let w = p + 357. What is the units digit of w?
5
Let g(t) = -2*t**2 + 43*t - 7. Let o be g(21). What is the tens digit of 4/o + (-1020)/(-7)?
4
Let b(a) = -a**2 + a. Let t be b(3). Let y = t + 10. Suppose -d = y, 2*i - 5*i + 4*d + 52 = 0. What is the units digit of i?
2
Let d be 18/(-10)*(-240)/72. Suppose -21 = d*x - 99. What is the tens digit of x?
1
Suppose 0 = 6*r + 42 + 72. Let j = r + 110. What is the units digit of j?
1
Suppose -85 = 11*c - 2*a, -a - 4 - 13 = 3*c. Let h = 98 - 57. Let v = h - c. What is the tens digit of v?
4
Suppose -4*f + 5*h - 90 = 0, 5*f + 2*h - 3*h + 102 = 0. Let p = 65 - f. What is the units digit of p?
5
Let h(r) = 13*r**2 - 4*r + 3. Let z be h(2). Suppose -z - 35 = -f - 4*s, 2*s = 0. What is the units digit of f?
2
Suppose 4*v - 144 = 5*l - 41, -4*l = 5*v - 98. Let j = v + 23. What is the units digit of j?
5
Let b be (2*3)/(8/(-28)). Let q = 19 + b. What is the units digit of (-25)/(-3) + q/(-3)?
9
Let k(c) = 118*c**2 - 5*c + 5. Suppose 0 = 6*x - 2 - 4. What is the units digit of k(x)?
8
Suppose -4*t - j + 11 = -3*t, j + 10 = 2*t. Let r(b) = b**3 - 8*b**2 + 12*b - 22. What is the tens digit of r(t)?
1
Let b(y) = -9*y**2 + 2*y + 1. Let u be b(-1). Let r = u + 21. What is the tens digit of r?
1
Suppose g + 703 = r, -4*r = 3*g + 281 + 1800. What is the hundreds digit of (g/9)/((-1)/3)?
2
Suppose 0 = 8*g - 11*g + 1287. Suppose a + g = 4*a. Suppose 0 = 5*p - 5, -a - 45 = -5*y + 2*p. What is the tens digit of y?
3
Suppose 3727 = 12*i - 533. What is the units digit of i?
5
Let q be 1/(-3)*(-9 + 0). Suppose -2*i - i - 48 = q*x, 4*i - 5*x = -91. Let y(m) = -m - 3. What is the tens digit of y(i)?
1
Let d = 2273 - 1617. What is the hundreds digit of d?
6
Let r = -2617 - -3962. What is the units digit of r?
5
Let j(r) = -24*r - 3. Let p be 26/(-5) - 28/35. What is the units digit of j(p)?
1
What is the hundreds digit of 1/5*1 - 217224/(-280)?
7
What is the tens digit of 1948 + -7*3/(42/8)?
4
Suppose 0 = 3*l - 5*v - 73, -4*v + 14 = -2*l + 66. Let p(x) = 23*x - l*x - x**2 - 6 + 2*x**2. What is the tens digit of p(-10)?
2
Suppose -18*z + 5913 = -9*z. What is the units digit of z?
7
Suppose -5 - 7 = 3*b. Let p = 4 + b. Suppose 5*y - s - 167 = y, p = 5*y + 5*s - 215. What is the tens digit of y?
4
Let a = 131 + -35. What is the tens digit of a?
9
Suppose -b = -1, -3*b - 333 = -p + 358. What is the tens digit of p?
9
Let v be 55*((-1)/5 - -1). What is the tens digit of v - (1 + -1 + -1)?
4
Let x = -25 + 46. Suppose -x = -60*z + 59*z. What is the tens digit of z?
2
Let n = 23 + -23. Suppose n = 96*c - 98*c + 340. What is the units digit of c?
0
Suppose 2*r = -3*d - r + 6, -3*r = 5*d. Let g = d - -7. What is the units digit of g - (-1)/(-2)*-2?
5
Suppose -21*n + 1164 + 2217 = 0. What is the hundreds digit of n?
1
Let p = 50 + -73. Let i be (-121)/7 + 5/(-7) + 1. Let c = i - p. What is the units digit of c?
6
Let q(u) = -2*u - 19. Let z be q(-11). Suppose 3*c = z, -4*c + 3*c = -5*x + 174. What is the units digit of x?
5
Suppose 9*h - 11*h = -46. Let f = 24 - h. What is the tens digit of 1 - -17 - f/(-1)?
1
Suppose 54*b + 10 = 59*b. Suppose -s = -5*w - 49 - 128, -4*s + 620 = b*w. What is the tens digit of s?
5
What is the hundreds digit of 26/(-4)*(20 + -78)?
3
Let g(a) = a**3 - 3*a**2 + a + 1. Let q(d) = -d**3 + 0*d**3 - d + 7*d**2 - 4*d**2 - 2. Let n(c) = 3*g(c) + 2*q(c). What is the units digit of n(3)?
2
Suppose -p - 4*l = 0, 0*l = -4*p - 3*l. Let j(a) = a**3 - a**2 - a + 71. What is the units digit of j(p)?
1
What is the units digit of 198 - -1*(0 - -6 - 3)?
1
Let v be (-30)/(-195) + 2/26*505. Suppose 38*b = v*b - 122. What is the units digit of b?
2
Suppose -4*i - 2*y + 22 = 0, 3*y = -0 + 9. Let x(f) = i*f + 0 + 4 - 2*f + f. What is the units digit of x(8)?
8
Let h(s) = -5*s**3 - 5*s**2 + 4*s - 11. Let n be h(-6). Suppose 0 = -5*m - 0*m + n. What is the units digit of m?
3
Suppose -3*v + 0*v + 102 = 0. Let x = v + -14. Suppose 4*r = -2*h + x, -3*r = -6*r - h + 14. What is the units digit of r?
4
Let u be (-508)/(-12) + 4/(-3). Let f = -22 + u. What is the units digit of f?
9
Let o(l) = -7*l - 14. Let s be o(-2). Let z(b) = b**2 + 3*b + 140. What is the hundreds digit of z(s)?
1
Suppose 4*x = 3*i + 4, 2*x = -4*i - i + 2. Suppose -z + i*z + 97 = 0. What is the units digit of z?
7
Suppose 3*x - 406 = 10*x. Let j = -86 - x. Let k = 48 + j. What is the tens digit of k?
2
Suppose 5*u - 230 = 10. Suppose 60 = 2*j - u. What is the units digit of j?
4
Let k(c) = 126*c**2 - 57*c + 225. What is the thousands digit of k(4)?
2
Let o(p) = p**3 - 14*p**2 + 13*p + 5. Let n be o(13). Let d be (-1)/n + 21/5. What is the units digit of (21/d)/(9/96)?
6
Let f = 620 + -395. What is the units digit of f?
5
Let o = 34 - 34. Suppose o = l - 2*l + 10. What is the tens digit of l?
1
Suppose 24 + 9 = z. Let n = -20 + z. What is the tens digit of n?
1
Let p = -31 - -33. What is the tens digit of -4 - (150/p)/(-3)?
2
Let v(u) = -7*u**2 - 5*u + 4. Let f be v(1). Let c(i) = -30*i + 16. What is the tens digit of c(f)?
5
Let y be ((-6)/(-12))/((-1)/(-6)). Suppose 4*r + 147 = 2*m + y*m, -4*r - 39 = -m. What is the units digit of 2/9 + 534/m?
0
Let z(f) = -f**2 + 15*f + 4. Let r be z(15). Let j(i) = i**3 - 3*i**2 + 13*i - 3. What is the units digit of j(r)?
5
Let y(b) = 1 + 24 - 9*b + 2. What is the hundreds digit of y(-31)?
3
Let d = -31 + 51. Let n = d + -18. Suppose b + v = n*v + 16, 5*b = 3*v + 78. What is the units digit of b?
5
Let t be (22/6)/((-2)/(-12)). Let y = t - 20. Suppose -84 = -y*z - z. What is the tens digit of z?
2
What is the tens digit of 32/40 + 1/(10/20702)?
7
Suppose 3*h - 5*h = 4. Let k be h/(-5) + 9/15. Let v = 13 + k. What is the units digit of v?
4
Let g = 2227 + 689. What is the units digit of g?
6
Let p(o) = -3*o**3 + 8*o**2 - 8*o - 12. Let l(s) = -4*s**3 + 7*s**2 - 8*s - 11. Let f(x) = 2*l(x) - 3*p(x). What is the units digit of f(9)?
5
Suppose -68 = -4*f - 0*f. Suppose 0 = d + 4 - f. What is the units digit of d?
3
Let g be ((-33)/21 + 1)*91/26. Let t(n)